prime number?
True
Is 85597 composite?
False
Is 16271 composite?
True
Is 1213042 prime?
False
Is 382669 composite?
True
Is 11863 prime?
True
Is 6753 a composite number?
True
Is 217543 a composite number?
True
Is 68422 prime?
False
Is 53953 composite?
True
Is 149383 a composite number?
True
Is 48031 a composite number?
True
Is 637909 a prime number?
True
Is 343513 a composite number?
True
Is 176387 a composite number?
True
Is 385343 prime?
False
Is 159051 composite?
True
Is 32831 composite?
False
Is 8311 prime?
True
Is 1079894 prime?
False
Is 206495 prime?
False
Is 21257 a composite number?
True
Is 331259 composite?
False
Is 1514 a composite number?
True
Is 142031 prime?
True
Is 525641 prime?
True
Is 38089 composite?
True
Is 1802551 a composite number?
True
Is 1049 a prime number?
True
Is 138427 a composite number?
False
Is 225921 a prime number?
False
Is 674203 prime?
False
Is 98435 composite?
True
Is 1809029 a composite number?
False
Is 25391 prime?
True
Is 8459 a prime number?
False
Is 14029 composite?
False
Is 101021 composite?
False
Is 11113 composite?
False
Is 3397 prime?
False
Is 1994869 prime?
True
Is 5989 prime?
False
Is 7061 a prime number?
False
Is 537815 composite?
True
Is 42821 a composite number?
False
Is 2057047 composite?
False
Is 117269 composite?
False
Is 1622291 a composite number?
True
Is 10949 composite?
False
Is 5441197 prime?
True
Is 10831 composite?
False
Is 23419 a composite number?
True
Is 23147 prime?
False
Is 607393 a composite number?
True
Is 124613 a composite number?
True
Is 54193 prime?
True
Is 60031 composite?
True
Is 27215 composite?
True
Is 2987911 a composite number?
False
Is 611983 prime?
False
Is 1949309 prime?
True
Is 1273 composite?
True
Is 14506 a composite number?
True
Is 497503 composite?
True
Is 209767 a prime number?
True
Is 249703 composite?
False
Is 519 prime?
False
Is 22999 a composite number?
True
Is 616819 prime?
False
Is 162989 a prime number?
True
Is 167557 a prime number?
False
Is 38539 composite?
True
Is 68531 composite?
False
Is 14489 composite?
False
Is 1084763 prime?
False
Is 2163179 a prime number?
False
Is 7717 a composite number?
False
Is 633079 composite?
False
Is 1119815 prime?
False
Is 315313 composite?
False
Is 289049 composite?
False
Is 96983 a prime number?
False
Is 2179 a prime number?
True
Is 78301 a prime number?
True
Is 51943 a prime number?
False
Is 13591 a composite number?
False
Is 9587 prime?
True
Is 490229 prime?
False
Is 109199 prime?
True
Is 28069 a prime number?
True
Is 25867 a composite number?
False
Is 24953 prime?
True
Is 567601 a composite number?
False
Is 119909 composite?
True
Is 3155 composite?
True
Is 8033 composite?
True
Is 41929 a prime number?
False
Is 24737 composite?
True
Is 6437 composite?
True
Is 422605 prime?
False
Is 1399 prime?
True
Is 676211 a composite number?
False
Is 33017 prime?
False
Is 23509 prime?
True
Is 15937 a prime number?
True
Is 1693311 prime?
False
Is 181273 prime?
True
Is 44401 a prime number?
False
Is 627139 a composite number?
False
Is 449 a prime number?
True
Is 6517583 composite?
False
Is 4561 prime?
True
Is 193345 a prime number?
False
Is 5381 prime?
True
Is 1195 composite?
True
Is 4981 a prime number?
False
Is 858085 prime?
False
Is 86239 a prime number?
True
Is 11311 a composite number?
False
Is 426719 a prime number?
False
Is 1903 prime?
False
Is 87355 composite?
True
Is 1116419 a prime number?
True
Is 260707 a composite number?
True
Is 6415 a prime number?
False
Is 9673 prime?
False
Is 621455 prime?
False
Is 335 prime?
False
Is 13201 prime?
False
Is 290317 composite?
False
Is 83747 a prime number?
False
Is 57167 prime?
False
Is 17551 a composite number?
False
Is 273029 a prime number?
True
Is 3791 a composite number?
True
Is 45283 prime?
False
Is 168667 a composite number?
True
Is 31721 composite?
False
Is 3821 a composite number?
False
Is 20053 composite?
True
Is 1498403 composite?
False
Is 3394 prime?
False
Is 1227 prime?
False
Is 19693 a composite number?
True
Is 107999 a prime number?
True
Is 489187 a composite number?
True
Is 37489 prime?
True
Is 277883 a prime number?
True
Is 100019 composite?
False
Is 35833 a prime number?
False
Is 3455 composite?
True
Is 19919 a prime number?
True
Is 16183 prime?
True
Is 19181 prime?
True
Is 3797 a prime number?
True
Is 741157 a composite number?
True
Is 42797 composite?
False
Is 31087 a prime number?
False
Is 654573 a prime number?
False
Is 13027 a prime number?
False
Is 3707 prime?
False
Is 244735 prime?
False
Is 552217 a composite number?
False
Is 70901 a prime number?
True
Is 8443 composite?
False
Is 19353 prime?
False
Is 21683 prime?
True
Is 39927 prime?
False
Is 170123 composite?
False
Is 109609 a composite number?
False
Is 843 a prime number?
False
Is 36521 composite?
True
Is 38669 a prime number?
True
Is 2042 a prime number?
False
Is 3251 prime?
True
Is 2455645 prime?
False
Is 2371 a prime number?
True
Is 3821 a prime number?
True
Is 108751 a composite number?
False
Is 19571 prime?
True
Is 31783 a prime number?
False
Is 6761 composite?
False
Is 2730647 prime?
False
Is 17183 prime?
True
Is 12349 prime?
False
Is 44053 a composite number?
False
Is 46229 composite?
False
Is 969713 composite?
False
Is 442961 a composite number?
False
Is 7001 a composite number?
False
Is 19709 a composite number?
False
Is 59537 a prime number?
False
Is 318347 composite?
False
Is 5301401 a prime number?
False
Is 73351 a composite number?
False
Is 2712419 a composite number?
False
Is 1255 prime?
False
Is 85361 a prime number?
True
Is 23533 composite?
True
Is 171091 composite?
False
Is 22921 prime?
True
Is 827615 prime?
False
Is 6353 prime?
True
Is 103307 a composite number?
False
Is 21401 prime?
True
Is 662 a composite number?
True
Is 554 a composite number?
True
Is 38027 a prime number?
False
Is 7283 a composite number?
False
Is 1649999 a composite number?
True
Is 235199 prime?
True
Is 141533 composite?
True
Is 45403 a prime number?
True
Is 1403 a prime number?
False
Is 6989 prime?
False
Is 199601 composite?
False
Is 65519 prime?
True
Is 27733 a prime number?
True
Is 265381 prime?
True
Is 54781 prime?
False
Is 3365 prime?
False
Is 52433 composite?
False
Is 160763 prime?
False
Is 183371 composite?
True
Is 1821 a prime number?
False
Is 5147 a prime number?
True
Is 13093 a prime number?
True
Is 49165 prime?
False
Is 32197 prime?
False
Is 1673015 a prime number?
False
Is 411221 prime?
False
Is 2951587 composite?
True
Is 41671 a composite number?
True
Is 62278 a composite number?
True
Is 124337 a composite number?
False
Is 243235 prime?
False
Is 21181 a prime number?
False
Is 30547 prime?
False
Is 409429 a composite number?
False
Is 54719 composite?
True
Is 366913 prime?
False
Is 14953 a composite number?
True
Is 18503 prime?
True
Is 101567 a composite number?
True
Is 11073 a prime number?
False
Is 180629 a prime number?
True
Is 519011 prime?
True
Is 122809 a composite number?
True
Is 7963 a prime number?
True
Is 4411 a composite number?
True
Is 39817 a prime number?
False
Is 319513 a composite number?
True
Is 866269 a composite number?
True
Is 393961 prime?
True
Is 25523 prime?
True
Is 4111 prime?
True
Is 297437 prime?
False
Is 129917 a composite number?
False
Is 24031 a composite number?
True
Is 6313 prime?
False
Is 162119 composite?
False
Is 15109 prime?
False
Is 1441 composite?
True
Is 2153 a prime number?
True
Is 1649359 a prime number?
True
Is 3547 prime?
True
Is 212777 composite?
False
Is 115681 prime?
False
Is 102871 a prime number?
True
Is 32579 composite?
False
Is 441101 a composite number?
False
Is 15819 a prime number?
False
Is 31643 composite?
False
Is 2159 prime?
False
Is 62207 prime?
True
Is 2251 a prime number?
True
Is 58831 prime?
True
Is 631727 composite?
True
Is 35729 prime?
True
Is 16771 prime?
False
Is 39499 a composite number?
False
Is 3163 a prime number?
True
Is 12767 a prime number?
False
Is 35671 composite?
False
Is 179039 a prime number?
False
Is 219397 prime?
False
Is 677 a prime number?
True
Is 2923 prime?
False
Is 1017838 prime?
False
Is 51749 composite?
False
Is 556159 composite?
False
Is 68659 a composite number?
False
Is 5833 a composite number?
True
Is 10037 a composite number?
False
Is 281377 a composite number?
True
Is 40207 composite?
True
Is 41329 prime?
False
Is